What is (7 + -4 - 3) + 4?
4
-6 + 1 - -3 - 0 - -6
4
6 - ((5 - -3) + -3 + 0)
1
Calculate 1 + -8 - (-10 - -8).
-5
-1 + 4 - (55 - 47)
-5
Evaluate -2 + -3 + 5 - (-1 + 5).
-4
What is the value of 3 + -12 + 5 + 10 - 5?
1
Evaluate -1 + -6 + 26 + -18.
1
Evaluate 0 + 0 + 3 + -7 + 4.
0
What is the value of -1 + 2 - (2 + (-1 - -4))?
-4
Evaluate 4 + 2 + -11 + 2.
-3
Evaluate (11 - 25) + 5 + 2.
-7
What is 1 - -3 - (-5 - (-22 - -12))?
-1
Calculate 4 + -4 - -4 - (5 + -2).
1
What is the value of -36 - -34 - (1 - 0 - -1)?
-4
Calculate 2 + -6 + -3 + 5.
-2
(0 - -5 - 6) + (4 - -5)
8
(-2 - 1 - -8) + (-22 - -8)
-9
Calculate 7 + 0 + (-4 - -5 - 7).
1
What is 0 + 1 + (-2 + 2 - 1)?
0
What is the value of -8 + (-8 - -10) - -2?
-4
5 - (43 - 31 - (3 - 1))
-5
-4 + 2 + -2 - (15 + -18)
-1
0 + 2 + -3 - -3
2
What is (-17 - -22) + -7 + 1?
-1
-4 + 1 + -2 - (-170 + 169)
-4
What is (21 - 18) + (-1 - 0)?
2
What is 0 - 3 - (-4 - -6)?
-5
What is 4 - (0 + 5 + -2)?
1
What is the value of -1 - (6 + -2) - (0 + -2)?
-3
Calculate -7 + 16 + -7 + -1.
1
Calculate (10 - (-11 + 16)) + (-2 - 4).
-1
What is the value of -1 - ((-3 - -7) + -6) - 3?
-2
What is 2 + (0 + 0 - (1 + -2))?
3
What is the value of -3 + (-1 - -9) + -7 + 5?
3
Evaluate -8 + -1 + -5 + 15.
1
What is 7 + (-3 - 2 - (-5 - -3))?
4
What is the value of (4 - (-3 - -3)) + -6?
-2
Evaluate 1 + (0 - -1) + -34 + 34.
2
-5 + 7 + (-7 - -13)
8
(3 - 4 - (-3 + 2)) + 1
1
0 + 0 - ((5 - 4) + -3)
2
Calculate -5 - -6 - (-1 - -1).
1
Evaluate (-3 - -1) + (-4 - -5).
-1
What is the value of 1 + (2 - 0) - (24 - 16)?
-5
Evaluate -6 + 5 - 4 - -5.
0
What is (5 - 3 - -3) + (-1 - 2)?
2
-6 + 4 - -1 - 4
-5
Calculate -2 - 1 - (84 + -86).
-1
What is 4 - (20 + 7 + -14)?
-9
-3 - ((-2 - -5) + -6) - -3
3
Calculate (0 - (2 - 1)) + (4 - -2).
5
-2 - (-3 + 0 + 1)
0
Calculate -30 + 33 + 0 + -4.
-1
What is -7 - (-18 + -7 + 10)?
8
What is the value of -4 + (-3 - (1 - 3))?
-5
Calculate 1 + 5 + -6 - 3.
-3
What is the value of -133 + 140 - (-1 - -1)?
7
What is the value of -40 + 46 + 3 + -5?
4
1 - (7 + 6) - -11
-1
Calculate 0 + 1 + -5 - -4.
0
What is (10 - (-5 + 11)) + -7?
-3
Evaluate -4 - 1 - (-9 + 9 - 1).
-4
What is the value of -4 + 6 + 2 + 1 + -2?
3
What is the value of -1 + 0 + 5 - 1?
3
Evaluate -9 + 3 + -2 + (0 - -4).
-4
What is -2 - -1 - -3 - -2?
4
What is 7 - (6 + -1 + (0 - 8))?
10
Evaluate (-1 - -7) + -10 - (-4 + -1).
1
Calculate -1 - 3 - (-1 + (2 - 0)).
-5
What is (2 - -5) + (1 - -1) - 4?
5
What is the value of -1 + 7 - (-2 - 0) - 5?
3
What is the value of 2 - (-6 + 3 + 2) - -2?
5
Calculate -2 - 1 - (6 - 10).
1
What is the value of (3 - 6) + 2 - (8 + -9)?
0
Calculate 2 - 15 - (129 - 135).
-7
Calculate 2 + 0 - 1 - (-28 + 27).
2
Evaluate -1 - -1 - 4 - -4.
0
What is the value of (-12 - -1) + 2 + 5?
-4
What is the value of 1 - -1 - 3 - (-3 + 2)?
0
What is the value of (-1 - -2) + (6 - (4 + 7))?
-4
Calculate 6 - (26 + (7 - 17)).
-10
(0 - 5) + 19 + (-5 - 4)
5
Calculate (-7 - -4 - -5) + -2 + -2.
-2
-4 + -2 + 11 + -3
2
1 + (6 - 2) + 0 + -7
-2
What is the value of -6 + 5 - 0 - (-1 - 1)?
1
Evaluate -9 - (5 + (-7 - 6)) - 7.
-8
Calculate -3 + -4 - (-2 - 1).
-4
What is the value of -5 - (-3 + (-3 + -1 - -6))?
-4
Calculate (6 - 10) + -1 - 2.
-7
Evaluate -6 - (-11 + (1 - 6) + 0).
10
Calculate 3 - (-7 + 8 + -1).
3
What is the value of 7 + (4 + (-1 - 0) - 6)?
4
Calculate 5 + 15 + -28 + -1.
-9
What is the value of 4 - (-15 + 10 + 16)?
-7
What is the value of 7 - ((1 - -7) + -8 + 7)?
0
What is -1 + 1 + -5 + 9?
4
Evaluate -6 - ((5 - -2) + -13).
0
0 + -2 + (4 - 5) + 2
-1
Calculate (-7 - -2) + 0 + 0.
-5
2 + -3 + (-7 - -4)
-4
Evaluate 2 - (-3 + -1 + 2 - -4).
0
6 + (-7 + (6 - 5) - -5)
5
Calculate 2 + 4 + -15 + 10.
1
What is 3 - (1 + -3 + 2 + 2)?
1
Calculate -2 + 10 + 1 + -3.
6
Calculate -8 - (6 + (-8 - 5)).
-1
What is 7 + 2 + 57 + -69?
-3
What is (2 - 2 - -2) + (2 - 0)?
4
What is the value of -311 - -311 - (0 - (0 + -2))?
-2
Calculate (3 - 4) + 1 + (3 - 1).
2
What is -7 - (-1 - 6 - (-11 + 17))?
6
What is the value of 32 + -30 + (-2 - -1 - -1)?
2
What is (0 + -2 - 1) + 2?
-1
What is -14 + 11 - (-7 + 6)?
-2
What is 0 + -4 + -8 + 4 + 10?
2
What is (-6 - -2 - -3) + -2?
-3
Evaluate (6 - -3 - 5) + -8 - -1.
-3
What is the value of -3 + (-5 - -3 - 2 - -3)?
-4
What is the value of -2 + -8 + 3 - (-1 + -3)?
-3
Evaluate 3 - (0 - (-2 - -1)).
2
1 + -2 + 2 - (0 + -1)
2
3 + 2 + -5 + (-5 - -1)
-4
Evaluate (0 - (2 - 0)) + (7 - 0).
5
Calculate -3 + (1 + -4 + 1 - -2).
-3
(1 - -5) + -6 + 4 + -1
3
Calculate -8 - (6 + -6) - -6.
-2
What is the value of 8 - 7 - (-5 - -5)?
1
Evaluate 2 + -1 + -7 - (5 + -6).
-5
What is -7 - (7 - (2 + 19) - -7)?
0
What is (-34 - -9) + 33 + (-1 - 8)?
-1
Calculate -4 - (3 + -7 + 6 + -3).
-3
3 + (-22 - -4) + (-24 - -30)
-9
What is the value of (-153 - -172) + -15 + 1?
5
843 + -841 + (0 - -1 - 0)
3
Evaluate 3 - ((2 - 6) + 4).
3
Evaluate 4 - 2 - (5 - 4 - 4).
5
Calculate -11 - (-16 - (2 - 15)).
-8
What is the value of 4 - (10 + (-10 - (-3 - 2)))?
-1
2 + (3 - -2 - (4 + 0))
3
What is -14 - (-14 - (9 + -16))?
-7
What is 0 - ((3 - -1 - 4) + 3)?
-3
What is 5 - (-5 - -5) - (1 - 2)?
6
(5 - (-6 + 6)) + -8
-3
What is -2 + (-9 - -4 - -5) - -3?
1
Calculate 2 - (-4 + -1 + (4 - 0)).
3
Calculate (1 - 9) + -41 + 45.
-4
What is -13 - -2 - (-3 - -2) - -3?
-7
0 - (-3 - 1) - (5 + -1)
0
Evaluate -10 - ((-7 - 11) + 2).
6
What is the value of -1 + 2 - (-7 + 14)?
-6
Calculate 19 + -7 + -1 - 6.
5
What is (-6 - 2) + 14 + 1?
7
8 + -1 + -4 + 1
4
What is -4 + 6 + -4 + (7 - 4)?
1
What is the value of -13 + (0 - -1) + 12?
0
Evaluate -4 - (-9 - (-5 + 6)).
6
Calculate -5 + (-2 - 1 - -2) + 2.
-4
Calculate -5 - (-4 - ((-8 - -4) + 3)).
-2
Evaluate ((3 - 4) + 2 - 2) + 1.
0
What is the value of -11 - (-12 + 7 + -14)?
8
Calculate (1 - (8 + -6)) + 2 - 0.
1
What is 0 + -7 - (-4 - (3 + -3))?
-3
Evaluate 3 + -4 + 4 - (-4 - -7).
0
Evaluate (-2 - 2) + (-12 - -16) + 4.
4
Calculate 8 - 0 - (26 + -27).
9
What is the value of -2 + -4 + 10 - 6?
-2
Calculate 0 - (-4 + -4 + 2).
6
Calculate 0 - (1 + -1 - -3).
-3
What is (4 - (5 + -5)) + -5 + 1?
0
What is -7 - -1 - (-9 + 2)?
1
What is the value of (3 - 3) + (1 - 2) + 6?
5
What is 2 - (1 - (-6 + 1 + 7))?
3
Calculate (-7 - -3) + (2 - 3).
-5
Evaluate -2 + (1 - -1) - (2 - 0).
-2
What is the value of 2 + 4 - (12 + -3)?
-3
What is (3 - -2) + -28 + 21?
-2
Calculate 3 - 14 - (-10 + 5).
-6
What is the value of -2 + 6 + (2 - 3)?
3
What is the value of -1 + -1 + 5 - (8 + 1)?
-6
Calculate 5 + 2 + -5 + -1 - -6.
7
-15 + -4 + 20 + -5
-4
Calculate 4 - 6 - -8 - 9.
-3
Evaluate 0 + -2 + 2 + -2 + -1.
-3
(-4 - -3) + (3 - 2)
0
Calculate 3 - 2 - (0 - -5).
-4
What is the value of 11 + -8 + -9 - 1?
-7
4 + (0 - (2 + -1))
3
Calculate 8 + (-4 + 2 - 1).
5
-3 + (1 - (6 + 0 + -3))
-5
Calculate -10 - (0 - (-4 - -12)).
-2
Calculate 36 + -38 - (-1 + -7).
6
Evaluate 6 - (4 + 9 - 11).
4
-4 + (-1 - (-2 - (5 - 5)))
-3
Calculate (-45 - -52) + (-6 - 1) + 0.
0
What is -1 - (1 + 2) - 1?
-5
What is the value of (12 - 5) + -4 + -1?
2
What is the value of 0 - 2 - (6 + -10 + 3)?
-1
What is 1 + -2 + 4 + (1 - 4)?
0
What is 3 + -5 + 3 + 4?
5
Calculate 3 + -7 + -2 + 2 + -1.
-5
Evaluate -3 - ((9 - 4) + -18).
10
Calculate 11 - (-6 - (2 + -11)).
8
Calculate 0 - 1 - (2 + -4).
1
4 + 0 - (-35 - -42)
-3
Evaluate 1 + (1 - 3) - -2.
1
Calculate -2 + (1 - (7 + -4)).
-4
Evaluate 3 + -1 + -2 - -4.
4
What is (0 - (-1 + 9)) + (6 - -2)?
0
-3 + (-4 + 0 - -1)
-6
What is the value of -6 - (-19 - -18 - (3 + -3))?
-5
Calculate 3 - (2 - -1 - 0).
0
Calculate 1 + 4 - -2 - (57 + -52).
2
Calculate 9 + -14 + -2 - -2.
-5
Calculate 0 + -2 + -4 + (0 - -2).
-4
Calculate (0 - -2) + 1 + -7.
-4
What is the value of (11 - 28 - -10) + 6 + 0?
-1
What is the value of (7 + 2 - -3) + -5?
7
3 + -2 + (-6 - -2) + 1
-2
What is -11 + (9 - 5) - (3 - 14)?
4
Evaluate 3 + 2 + (-1 - 3) - -4.
5
Calculate (0 + 1 - -4) + (2 - 5).
2
46 - 34 - (1 + 7)
4
1 - -1 - (-20 + (3 - -16))
3
What is the value of -3 - (7 + -2 + -9 - 2)?
3
(-3 - 0) + (145 - 141)
1
What is the value of -10 - -5 - (-3 + 5) - -4?
-3
What is 0 + 9 + -5 - -4?
8
What is (-82 - -68) + (2 + 5 - 0)?
-7
Evaluate -2 + (-1 - -18) + -8.
7
What is 4 + -3 + (2 - 3) + 1?
1
Calculate 2 + -5 + -2 + -3 + 0.
-8
-4 + (-3 - -2 - -3)
-2
Evaluate -4 + (6 - -3) + -9.
-4
Evaluate 1 + -11 + (17 - 3).
4
5 - (-4 + 12 - -1)
-4
Evaluate -6 + 1 - (-1 - 